me factors of 2731453377?
3, 910484459
List the prime factors of 241258047.
3, 29, 2773081
List the prime factors of 39166849.
29, 41, 32941
List the prime factors of 6245376738.
2, 3, 73, 673, 21187
List the prime factors of 2867762446.
2, 31, 46254233
List the prime factors of 672280667.
19, 1861, 19013
What are the prime factors of 24086837?
43, 560159
What are the prime factors of 5712594929?
19, 300662891
List the prime factors of 152752690.
2, 5, 97, 157477
List the prime factors of 1604246101.
1604246101
What are the prime factors of 162186028?
2, 331, 122497
List the prime factors of 979091260.
2, 5, 7, 53, 127, 1039
What are the prime factors of 134121067?
134121067
List the prime factors of 11463153.
3, 13, 173, 1699
List the prime factors of 83023463.
83023463
What are the prime factors of 2147727287?
577, 3722231
List the prime factors of 144640322.
2, 587, 123203
List the prime factors of 2985098297.
127, 911, 25801
List the prime factors of 161240887.
161240887
List the prime factors of 1295762241.
3, 14557, 29671
What are the prime factors of 3627356843?
11, 71, 397, 11699
List the prime factors of 5460334459.
37, 409, 360823
List the prime factors of 2238581077.
23819, 93983
List the prime factors of 697256410.
2, 5, 1907, 36563
List the prime factors of 5043054.
2, 3, 149, 5641
What are the prime factors of 201124400?
2, 5, 53, 179
What are the prime factors of 23405051?
2713, 8627
What are the prime factors of 33460364?
2, 7, 43, 27791
What are the prime factors of 4808021?
4808021
What are the prime factors of 340447098?
2, 3, 56741183
List the prime factors of 20422859.
20422859
What are the prime factors of 5712649884?
2, 3, 41, 94399
List the prime factors of 4287995893.
23663, 181211
What are the prime factors of 116908237?
2459, 47543
List the prime factors of 32067541.
11, 265021
What are the prime factors of 1242611508?
2, 3, 59, 1755101
What are the prime factors of 46042423?
7, 6577489
List the prime factors of 124282738.
2, 62141369
List the prime factors of 613120000.
2, 5, 479
List the prime factors of 36491081.
11, 67, 739
What are the prime factors of 1569284886?
2, 3, 13, 20119037
What are the prime factors of 54218386?
2, 61, 521, 853
What are the prime factors of 206725048?
2, 25840631
List the prime factors of 33935925.
3, 5, 23, 103, 191
List the prime factors of 88642579.
88642579
List the prime factors of 44425363.
19, 787, 2971
What are the prime factors of 64558027?
17, 31, 122501
List the prime factors of 6553607390.
2, 5, 11, 31, 1921879
What are the prime factors of 30447645?
3, 5, 2029843
What are the prime factors of 5276896823?
11, 53, 307, 29483
What are the prime factors of 34938949?
251, 139199
What are the prime factors of 468814964?
2, 7001, 16741
List the prime factors of 146876836.
2, 1063, 34543
List the prime factors of 98938539.
3, 7, 1570453
What are the prime factors of 95476405?
5, 167, 114343
What are the prime factors of 54376119?
3, 7, 19, 45427
What are the prime factors of 378619625?
5, 41, 73877
List the prime factors of 46040502.
2, 3, 1289, 5953
What are the prime factors of 176807290?
2, 5, 11, 379, 4241
What are the prime factors of 62355389?
59, 1056871
What are the prime factors of 603017966?
2, 301508983
List the prime factors of 46093817.
7, 11, 17, 23, 1531
What are the prime factors of 9161523472?
2, 41, 307, 45491
What are the prime factors of 1914194066?
2, 5059, 189187
What are the prime factors of 407105323?
407105323
What are the prime factors of 2786136110?
2, 5, 6421, 43391
What are the prime factors of 147314449?
31, 701, 6779
List the prime factors of 1467709155.
3, 5, 11, 37, 127, 631
List the prime factors of 35419053.
3, 1699, 6949
List the prime factors of 1315662627.
3, 438554209
List the prime factors of 3354485835.
3, 5, 223632389
What are the prime factors of 10358993?
23, 450391
List the prime factors of 22375694.
2, 11, 1017077
What are the prime factors of 4036750167?
3, 149, 9030761
List the prime factors of 828878705.
5, 19, 8725039
What are the prime factors of 19731104?
2, 616597
List the prime factors of 1145638309.
1145638309
What are the prime factors of 197963711?
11, 97, 185533
List the prime factors of 4960197572.
2, 11, 23, 4901381
What are the prime factors of 236379381?
3, 7, 1608023
List the prime factors of 2408604250.
2, 5, 13, 331, 2239
List the prime factors of 393895835.
5, 29, 2716523
List the prime factors of 7258684.
2, 19, 149, 641
List the prime factors of 80333255.
5, 16066651
What are the prime factors of 17642689?
31, 151, 3769
What are the prime factors of 43238268?
2, 3, 59, 20357
What are the prime factors of 48060171?
3, 109, 48991
What are the prime factors of 148862537?
1697, 87721
List the prime factors of 1018803238.
2, 509401619
What are the prime factors of 10063174?
2, 11, 29, 15773
What are the prime factors of 1980838678?
2, 7, 13, 29, 263, 1427
List the prime factors of 4047931.
19, 23, 59, 157
List the prime factors of 117456651.
3, 13, 19, 52837
List the prime factors of 8914205.
5, 17, 31, 199
What are the prime factors of 3493217589?
3, 41, 193, 147151
List the prime factors of 12560930.
2, 5, 719, 1747
What are the prime factors of 45705504?
2, 3, 13, 53, 691
List the prime factors of 15636811.
631, 24781
What are the prime factors of 336684358?
2, 167, 1008037
List the prime factors of 8587836874.
2, 29, 53, 2793701
List the prime factors of 636891584.
2, 7, 71, 20023
What are the prime factors of 13224133?
13, 19, 37, 1447
List the prime factors of 1782005927.
13, 107, 1281097
List the prime factors of 31830493.
31830493
What are the prime factors of 390603?
3, 130201
What are the prime factors of 352290252?
2, 3, 17, 1726913
What are the prime factors of 281474453?
13, 21651881
What are the prime factors of 898561258?
2, 7, 53, 1210999
List the prime factors of 335021425.
5, 307, 43651
What are the prime factors of 248344736?
2, 337, 23029
List the prime factors of 34451102.
2, 7, 23, 97, 1103
List the prime factors of 3373833969.
3, 11, 149, 439, 521
List the prime factors of 12575205.
3, 5, 113, 2473
List the prime factors of 73609542.
2, 3, 541, 7559
List the prime factors of 932096988.
2, 3, 23, 1061
What are the prime factors of 185476330?
2, 5, 13, 1426741
What are the prime factors of 1884887396?
2, 7, 59, 1140973
List the prime factors of 31961237.
7, 11, 23, 18047
What are the prime factors of 41866243?
197, 223, 953
List the prime factors of 144216672.
2, 3, 409, 3673
What are the prime factors of 75625043?
13, 233, 24967
List the prime factors of 418624226.
2, 19, 487, 22621
What are the prime factors of 144802765?
5, 28960553
What are the prime factors of 93671865?
3, 5, 7, 297371
List the prime factors of 46882252.
2, 607, 19309
List the prime factors of 3585614.
2, 41, 73, 599
What are the prime factors of 244245492?
2, 3, 6784597
What are the prime factors of 720269919?
3, 41, 1951951
What are the prime factors of 24403486?
2, 19, 642197
List the prime factors of 2051829125.
5, 389, 42197
What are the prime factors of 3461155541?
613, 1103, 5119
List the prime factors of 1486660028.
2, 7, 53095001
What are the prime factors of 70956549?
3, 401, 19661
What are the prime factors of 832419680?
2, 5, 23, 226201
List the prime factors of 4923515429.
7, 19, 83, 113, 3947
List the prime factors of 312608162.
2, 156304081
List the prime factors of 43186416.
2, 3, 7, 13, 9887
List the prime factors of 1825882351.
73, 25012087
List the prime factors of 4542315486.
2, 3, 31, 24421051
List the prime factors of 2525687429.
24151, 104579
What are the prime factors of 3960446992?
2, 12577, 19681
List the prime factors of 795401079.
3, 11, 24103063
What are the prime factors of 46915202?
2, 73, 383, 839
What are the prime factors of 14034116?
2, 3508529
List the prime factors of 79753603.
1427, 55889
What are the prime factors of 2852241261?
3, 251, 467, 8111
List the prime factors of 399184444.
2, 5743, 17377
List the prime factors of 325970365.
5, 7, 19, 25799
What are the prime factors of 490852084?
2, 17, 359, 20107
What are the prime factors of 700434278?
2, 19, 18432481
What are the prime factors of 571812818?
2, 285906409
List the prime factors of 94720126.
2, 1019, 46477
List the prime fa